ose -4*h = -5*y + 1387 - 16745, 3*y + 11520 = 3*h. Let k = h + -2500. What is the thousands digit of k?
1
Let p(n) = 5*n + 189. Let w = 153 + -127. What is the hundreds digit of p(w)?
3
Suppose -2970 = 49*l - 54*l. Let n = 534 + l. What is the units digit of n?
8
Suppose -21 = -4*m - 0*m - 5*p, -m + 5 = p. Suppose -2*k - 2*k = -m*n + 20, 5*k - 10 = 0. Suppose n*s = -419 + 1770. What is the units digit of s?
3
Let a = 54 + -46. Suppose 5*r = r + a. Suppose -4*y - 132 = -r*p, -3*y = -3*p - y + 178. What is the tens digit of p?
5
Let i(v) = 29*v**3 - v**2 + 43*v. What is the ten thousands digit of i(8)?
1
Suppose 3*i - 213154 = -2*y - 78084, i + 2*y = 45030. What is the ten thousands digit of i?
4
Let u(v) = 3*v**2 + 45*v - 688. What is the units digit of u(36)?
0
Suppose -1 - 3 = -3*k + w, -2*k = 3*w - 21. Suppose 0 = -2*o - 4, -4*a = -k*o + 4*o - 1386. What is the tens digit of a?
4
Let b = -6812 - -14285. What is the units digit of b?
3
Let c be 2 + 70/80 - (-1)/8. Suppose -355 = -4*l + c*a, -5*l + a = 2*a - 458. What is the tens digit of l?
9
Let l(a) = -14489*a - 765. What is the hundreds digit of l(-1)?
7
Let r = 104 - 100. Suppose r*j + 3*i - 55 = 0, j = -4*j + 5*i + 95. Suppose 0 = 2*f - j - 40. What is the units digit of f?
8
Let g = 26911 - 18158. What is the thousands digit of g?
8
Let m(y) = -1250*y - 710. What is the tens digit of m(-7)?
4
Let g = -968 + 484. Let m = -203 + -141. Let i = m - g. What is the tens digit of i?
4
What is the units digit of (-92 - -95 - (1 - (-8)/5))*25340?
6
Let l(x) = x + 3. Let o be l(0). Suppose 0*b + o*b = -4*z + 776, 257 = b + z. What is the units digit of b/4 + -2 + -3?
8
Let z = -978 - -1594. Suppose -4*k = -z - 656. What is the units digit of k?
8
Suppose -4*s + 42 + 66 = -4*t, -s + 42 = 4*t. Let f be (-4294)/s + 36/270. Let j = f - -288. What is the units digit of j?
5
Let r = 76 + -71. Suppose -r*y + 4*y - 4*t + 140 = 0, -y = -2*t - 152. Let k = 208 - y. What is the tens digit of k?
6
What is the thousands digit of (29282/(-33) - -8)*(-15)/2?
6
Let l(a) = 6*a**2 - 36*a + 130. Let h(m) = m**3 + 17*m**2 + 17*m + 25. Let x be h(-16). What is the hundreds digit of l(x)?
2
Let n(o) be the third derivative of 19*o**4/4 + o**3/2 - o**2. Let v = 4150 - 4149. What is the units digit of n(v)?
7
Let f(z) = -4356*z - 3719. What is the ten thousands digit of f(-14)?
5
Let a be (-17)/(-102) + (-10186)/(-12). Suppose 206 = -o + a. What is the hundreds digit of o?
6
Let r = -30574 - -89679. What is the units digit of r?
5
Suppose -2*v + 5 = -0*v + d, -2*v + 11 = -5*d. Suppose -67 = -v*i + 95. Suppose 0 = 10*h + i - 2524. What is the tens digit of h?
4
Let x(v) = v + 3. Let y be x(2). Let o be (-6)/15 - (-2)/y. Suppose o = -3*a + 5*z + 264, z + 264 = 3*a + 2*z. What is the tens digit of a?
8
Let t = 2598 - 1646. Suppose a + 0 - 2 = 0, t = 5*z + a. What is the units digit of z?
0
Let b = -68055 + 99376. What is the thousands digit of b?
1
Let p(s) = -s**2 - 66*s + 806. What is the hundreds digit of p(-72)?
3
What is the ten thousands digit of (86/(-258))/((-6)/1027332)?
5
Let v be (-8)/3 - (-2)/(-17 + 11). Let u = 786 + v. What is the units digit of u?
3
Suppose -9390 = -2*c + 2*x, 5*c + 24*x - 23482 = 22*x. What is the thousands digit of c?
4
Let b(z) = 23*z - 8. Let r be b(2). Let v = 319 + r. What is the hundreds digit of v?
3
Suppose 74*b + 4*d - 11304 = 72*b, -b - 3*d = -5658. What is the hundreds digit of b?
6
Let r(i) be the first derivative of -i**4/4 - 7*i**3/3 + 3*i**2/2 + 19*i + 18. What is the tens digit of r(-8)?
5
Let q(j) = 3*j + 114. Let v(c) = -c - 1. Let k(y) = q(y) + 4*v(y). What is the tens digit of k(20)?
9
Suppose 2*x = h - 1549, 5*h - 4*x - 7772 = -3*x. Suppose 5*z + 4*k - h = 0, z - 634 = -z - 4*k. What is the tens digit of z?
0
Let y be (-162)/(-5) - (-2)/(-5). Let b = y - 66. What is the units digit of b/4*19/((-114)/120)?
0
Suppose 4*z + 2*r = -898, 4*z + r + 705 = -196. Let n = z - -347. What is the units digit of n?
1
Suppose -2*h + 2*z + 33082 = 0, 2*z = 3*h + 5*z - 49629. What is the ten thousands digit of h?
1
What is the thousands digit of 846*(-31)/(-1) + (3 - 9)?
6
Let x = -55 + 358. Let u = 564 - x. What is the tens digit of u?
6
Let d = -6086 - -10677. What is the tens digit of d?
9
Suppose 2*q = f, 19 = -4*f - 2*q + 9. Let b(p) = 75*p**2 - 12*p - 15. What is the hundreds digit of b(f)?
3
Suppose 4*f = -s - 9449, -3*f - 5789 = 2*s + 1304. Let p = f + 1602. What is the tens digit of p/(-22) + 1/2?
3
Suppose 0 = -2*l + 5*i + 42986, 162*i + 85942 = 4*l + 157*i. What is the ten thousands digit of l?
2
Let j(a) = 5*a + 59. Let n be j(-8). Suppose -4 + n = 3*d. Suppose -10 = 5*s, -d*q + 3*s - 12 + 688 = 0. What is the units digit of q?
4
Let d(h) = 9*h + 17. Let w(t) = -4*t - 17. Let j(z) = 5*d(z) + 6*w(z). Let c = 0 + 6. What is the units digit of j(c)?
9
Suppose h = -6*z + 2*z + 1052, -5326 = -5*h + 2*z. Suppose -7*r = -378 - h. What is the units digit of r?
6
Suppose -339 = -5*p - 334. Let w(o) = 304*o**3. What is the tens digit of w(p)?
0
What is the units digit of (15 + 9 + -7199 - 6/(-1))*-1?
9
Suppose -f + 132 = 4*a - 6*a, a = 2*f - 69. Let w = -42 - a. What is the units digit of w + 3 + (-1)/(-1)?
7
Let c(f) = 2*f**2 + 24*f + 93. Suppose -2*k = -0*k + 12. What is the tens digit of c(k)?
2
Let k(s) = s**2 + 13*s + 130. What is the units digit of k(-6)?
8
Suppose 2*h - 196 = 26. Let c = h + -46. Let i = 66 - c. What is the units digit of i?
1
Let u(g) = 1265*g**2 + 99*g - 12. What is the thousands digit of u(-4)?
9
Suppose -50*l - 1672539 = -4006839. What is the units digit of l?
6
Let b = 4633 + 454. What is the thousands digit of b?
5
Let g(w) = -w**3 - 15*w**2 - 5*w - 28. Let k be (-9)/(-6)*(-11 + 4 - 3). Let h be g(k). Suppose 0 = -6*m + h + 31. What is the units digit of m?
3
Let v be 6 + -7 - 14*1. Let g be ((3/(-15))/(3/v))/1. What is the tens digit of ((-104)/130)/((-213)/(-215) - g)?
8
What is the thousands digit of (14/(-3))/((-198)/312741)?
7
Let u = -46 - -58. Let d = u + -6. What is the units digit of 2/(d*4/372)?
1
Let b(z) = -6*z**3 - 2*z**2 - 125. Let n(v) = 7*v**3 + 2*v**2 + 125. Let h(i) = 6*b(i) + 5*n(i). Let p be h(0). Let g = -45 - p. What is the units digit of g?
0
Let x = -124 + 123. Let d = 2 - x. What is the tens digit of 2/((-8)/d)*(-162 - 10)?
2
Suppose -27*f + 25*f + 12242 = 11*g, -3*g = f - 6106. What is the tens digit of f?
8
Let w = -1093 - -1871. Let f = w - 221. Suppose -10*j + 1547 = f. What is the tens digit of j?
9
Let p(j) = -j**3 + 5*j + 6. Let v be p(-1). Suppose 12*h - 1184 = 8*h + v*r, 4*r = -8. What is the hundreds digit of h?
2
Let c be (0 + -85)*(-12)/10. Let x = 1767 - 1798. Let u = c - x. What is the hundreds digit of u?
1
Suppose 0 = 2*k - 4, -42*k = 5*p - 47*k - 175. Suppose 5473 = -p*u + 25638. What is the tens digit of u?
4
Let a(n) = 885*n**2 - 258*n - 753. What is the tens digit of a(-3)?
8
Suppose 5*m = 4*j - 13650, -7364 = -3*j + m + 2879. What is the hundreds digit of j?
4
Suppose -1428 = 7*w + 259. Let m = 520 + w. What is the units digit of m?
9
Let g be (-1)/((15/(-6))/5). Let d be 15/((-165)/44) + 27/3. Suppose -d*x + 87 = -g*x. What is the tens digit of x?
2
What is the units digit of (26412/(-16))/((-444)/(-96) + -5)?
2
Suppose 0 = -5*c + 5*x - 410, 3*c - 4*x - 164 = 5*c. Let i be 33/(-22)*(-1 + c/6). Suppose -2*t = i - 50. What is the tens digit of t?
1
Suppose -17*z + 29996 = 2099. Suppose -4*j - z = 3495. What is the units digit of j/(-9) + ((-64)/12)/8?
2
Let x(h) = 7 + 3 + h - 9. Let d be x(4). Suppose 0 = 2*i - 4*f - 88, -5*f - 176 = -d*i + i. What is the units digit of i?
4
Suppose 0 = -g - 2*o + 20, 0 = 2*g - 4*g - 2*o + 48. Let k(v) = 4 + v + g - 2 + 1. What is the units digit of k(-11)?
0
Let r(a) = -8*a - 2. Let b be r(-5). Suppose z - 135 = b. Let x = z + -93. What is the tens digit of x?
8
Let d(v) = 76*v**2 - 9*v + 10. Let o(a) = a**2 - 14*a + 50. Let n be o(7). What is the units digit of d(n)?
7
What is the units digit of (-402441)/(-299) + (-7)/(-161)?
6
Suppose -6360 = -2*w - 5*l, -3*w + l + 1372 + 8134 = 0. What is the thousands digit of w?
3
Suppose -36*l + 34*l + 4*r = 178, 4*r = -4*l - 284. Suppose 0*k = 2*k - 268. Let b = k + l. What is the tens digit of b?
5
Let i(t) = -32*t**2 + t + 4. Le